-2*t - 20, 0 = -c*s + 4*t + 47. Let o(x) = -x + 5. Determine o(s).
-2
Suppose -3*x = -f + 32, 5*x = -4*f - 15 - 10. Let q(r) = -r - 2. What is q(x)?
7
Let t(a) = 2*a**2 - 5*a - 4. Suppose 14*r - 13*r + 1 = 0. Let d(q) = -q**2 + 1. Let f(x) = r*t(x) - 3*d(x). Calculate f(-2).
-5
Let r be (-2)/8 + 42/8. Suppose 39*w + 8 = 41*w. Let t(o) = 0*o + w + o - 1 + 3. Calculate t(r).
11
Let s(f) = 3*f**2 + 21*f - 39. Let t(w) = w**2 + 11*w - 18. Let m(p) = 2*s(p) - 5*t(p). Determine m(11).
-10
Let k(r) = -8*r - 12. Let b(d) = -10*d - 10. Let n(j) = -3*b(j) + 4*k(j). Calculate n(-11).
4
Let i(c) = 7*c - 26. Let z(x) = -x**2 + 7*x - 28. Let f(l) = 4*i(l) - 3*z(l). What is f(2)?
6
Let p = 6 - 12. Let v be (0/4)/(2*1). Let b(x) = v - 3 + 1 - x + 6*x**2 + x**3. Give b(p).
4
Let x be 16/12*6/4. Let h(v) = 3*v - 28*v**x + 24*v**2 + 2 + 1 + v**3. What is h(3)?
3
Suppose 13*u - 10*u - 3 = 0. Let x(g) = 4*g + u - 9*g + 11*g. What is x(-1)?
-5
Let p(g) be the second derivative of g**5/20 - g**4/2 + g**3/2 + 2*g**2 - 285*g. Determine p(5).
-6
Let d(g) = 8*g + 6. Suppose 5*t - 17 = 3. Let j(k) be the second derivative of 7*k**3/6 + 5*k**2/2 - 13*k. Let q(s) = t*d(s) - 5*j(s). Calculate q(4).
-13
Let i be (-56)/20 + ((-42)/(-15) - 2). Let q(n) = 9*n - 2. Determine q(i).
-20
Let k be 0 + 16/(0 + 2). Let n = -5 + k. Let g(x) = -6*x**2 - 5*x - 16. Let o(q) = -5*q**2 - 4*q - 12. Let h(j) = 4*g(j) - 5*o(j). Determine h(n).
5
Let u be -3 + 1 + (-11)/((-110)/(-30)). Let y(a) be the second derivative of a**5/20 + 5*a**4/12 + a**3/6 - a**2 - 4*a. Give y(u).
-7
Let x(f) = 4*f + f**3 + 4118*f**2 - 7 + 3*f - 4126*f**2. Calculate x(7).
-7
Let l(y) = y + 98*y**2 + 2 - 2*y - 95*y**2. Give l(2).
12
Let z(d) = -3*d**3 - d + 2. Suppose 6*g + 22 = -5*g. Determine z(g).
28
Let t(b) = b**2 + 15*b + 19. Let k(u) = -u + 6. Let s(y) = 4*y - 30. Let x(f) = 16*k(f) + 3*s(f). Let d be x(5). Let r be t(d). Let i(z) = -z + 9. Give i(r).
4
Let l be -2*(-2 + 27/6). Let c(k) be the third derivative of k**6/120 + k**5/15 - k**4/4 - k**3/2 - 536*k**2. Determine c(l).
2
Let l(f) = 3*f - 44. Let k(a) = -2*a + 29. Let p(m) = 8*k(m) + 5*l(m). Calculate p(7).
5
Let c(g) = -8*g**2 - 19*g + 9. Let w(q) = -3*q**2 - 10*q + 4. Let r(m) = 2*c(m) - 5*w(m). What is r(10)?
18
Let h(q) be the second derivative of q**5/10 - q**4/12 - q**3/6 + 3*q. Let n(o) = 2*o**2 + 20*o + 41. Let i be n(-7). Calculate h(i).
-2
Suppose -3*h - 8 = -2*k + 5, 3*h + 7 = -k. Let g(b) = b + b**2 + 2*b - 4*b - 2*b**2. Let u(f) = -4*f**2 - 2*f - 1. Let v(c) = -6*g(c) + 2*u(c). Calculate v(k).
-6
Let h(w) = w**3 - 7*w**2 + 6*w - 3. Let i(o) = o**2 - 4*o + 6. Let y be i(3). Let q be ((-2)/(-1) - y) + 4 + 3. What is h(q)?
-3
Let y(n) be the third derivative of -n**4/24 + n**3/3 - 2*n**2 - 47. Suppose -4*w - 6 = -34. Calculate y(w).
-5
Let b(y) = -y**2 + 7*y - 2. Let l = 15 + -8. Let k be b(l). Let r be (0 - 3) + (-4)/k. Let j(c) = -2*c - 1. Calculate j(r).
1
Suppose 5 = -n - w, 0 = 4*n + n - 3*w + 1. Let l(u) be the third derivative of u**5/60 - u**4/12 - u**3/2 - 38*u**2. Calculate l(n).
5
Suppose 0 = g, -2*b + 54 = 4*g + 132. Let t = -43 - b. Let w(x) = -3*x - 5. Give w(t).
7
Let x(r) = r**2 + r - 1. Let d be x(3). Let v = d - 7. Let z(c) = -1 + 61*c - 130*c + 64*c + c**2 - 3*c**2 + c**3 + 4. Give z(v).
15
Let i(l) be the first derivative of 7*l - 1/3*l**3 + 2 + 3/2*l**2. Let y(w) = -w + 1. Let q(t) = i(t) - 2*y(t). Give q(6).
-1
Let x(a) = 9*a + 16*a - 5 + 22*a - 47*a + a**2. What is x(-4)?
11
Let k(i) be the third derivative of -i**6/120 + 2*i**5/15 - i**4/12 - i**3/2 + 13*i**2. Determine k(8).
-19
Let t(x) = x**3 - 5*x**2 + 4*x - 2. Let d be 2/(1*(-9 - -10)). Give t(d).
-6
Let c(f) be the second derivative of -f**4/12 + 5*f**3/6 + 4*f**2 + 5*f + 14. Calculate c(6).
2
Let y(p) be the third derivative of -p**7/840 + p**6/60 - p**5/30 + 5*p**4/24 - p**3 - 6*p**2. Let n(x) be the first derivative of y(x). Calculate n(5).
10
Let q(f) = f**3 - 5*f**2 + 3*f + 1. Suppose 3*d - 4 = 5*h, 11*h - 6*h - 14 = -3*d. What is q(d)?
-8
Let z(b) = 3*b**3 - 3*b**2 + 3*b - 2. Let v = -27 - -8. Let c = v - -21. Determine z(c).
16
Suppose -5*s - 625 = -5*b, 2*b - s = -92 + 346. Let f(w) = -w**2 - 62 + b - 2*w - 68. What is f(-1)?
0
Let b(s) = -2*s**2 + s - 1. Let z(o) = o**2 - 8*o + 8. Let f be z(6). Let d(v) = v**2 + v - 4. Let w be d(f). Suppose a = -3*a + w. Determine b(a).
-7
Let a(q) be the third derivative of q**4/8 + 25*q**3/6 + 591*q**2. Give a(-10).
-5
Let t(g) = 5*g**2 - 17*g + 10. Let c(l) = -7*l**2 + 24*l - 11. Let f(d) = -3*c(d) - 4*t(d). Calculate f(3).
-10
Let n = -73 - -71. Let u(d) be the third derivative of d**6/120 + d**5/12 + d**4/24 - d**3/3 + 7*d**2. Determine u(n).
8
Let w(d) = -d + 6. Let y be w(7). Let o(s) = -37*s + 18*s + 11*s. Give o(y).
8
Let y(m) = 10*m**3 + m**2 - m - 1. Let d(k) = 3*k**2 - 7*k - 12. Let q be d(6). Let o = q + -55. What is y(o)?
-9
Let v be 4/(-26) - 670/(-130). Suppose -v*z + 4 = -6. Let a(j) = -3*j**2 + 2*j**2 + 0*j**2 + z*j**2. Give a(1).
1
Suppose 4*h = 3*h + 8. Let g = h - 15. Let k(x) = 1 - 4 - x**2 - 1 - 7*x. Determine k(g).
-4
Let s(y) = 0*y + y - 2*y + 8. Let k(c) = c**2 + 8*c - 26. Let m be k(-13). Suppose -4*t + m = 23. What is s(t)?
4
Let d = -2279 + 2286. Let q(x) = -x**2 + x + 5. Give q(d).
-37
Let s(u) be the third derivative of u**5/60 + u**4/12 + u**3/2 + 3*u**2. Suppose b = -5*r - 23, -4 = 2*r - 5*b - 11. Determine s(r).
11
Let u(b) = b**2 - 5*b + 6. Suppose -3*m + 3*h - 69 = -5*m, 5*m - 4*h - 115 = 0. Let w be 108/m + (1 - 1). Give u(w).
2
Let w(u) = -3*u**3 + 3*u**2 - 3*u + 1. Let c = -1431 - -1433. What is w(c)?
-17
Let m(j) = -25*j - 13. Let y be m(-2). Suppose z = -3*z - 5*v + 49, -2*z - 5*v = -y. Let t(x) = -5*x + 3. Determine t(z).
-27
Let s(x) be the second derivative of -x**4/12 - x**3/2 - x**2 - 31*x. Let j = -9 - -6. What is s(j)?
-2
Let p = 4 - 8. Let y(l) = -l**2 + 0 - 2 - 8*l - 8 + 4. Determine y(p).
10
Let l(g) be the second derivative of 8*g - 1/2*g**2 + 0 + 1/6*g**3. Calculate l(-8).
-9
Suppose -22 = -5*y - t, -4*y - t + 20 = t. Let g(h) = 212*h - 1 - 205*h + y + h**2 + 2. What is g(-5)?
-5
Let o = -896 + 894. Let g(s) be the third derivative of -s**5/30 + s**4/24 + s**3/3 - 2*s**2. Give g(o).
-8
Suppose -5*a + 0*a - 5*w = 105, 4*w = 2*a + 24. Let i be a/(-4) - (-6)/12. Let c(t) = 0*t**2 - t**3 + 0*t**2 - 105*t + 112*t + i - 4*t**2. Give c(-5).
-5
Let k(w) = -w**3 + 4*w**2 - 4*w - 1. Suppose 20 = 4*q, 4*m = -m + q. Suppose 4*j = y + 5, -y = j - m - 4. Let g be (-3)/(1*(y - 4)). What is k(g)?
-4
Let l(o) = o**3 - 8*o**2 + 3*o - 15. Let j(z) = -z - 1. Let i(m) = -5*j(m) + l(m). Give i(7).
-3
Let u(k) = -k**3 - 6*k**2 - 2*k - 3. Suppose 220*f - 201*f = -114. Determine u(f).
9
Let v(x) = x + 3. Let w(n) = -n + 29. Let l be w(-9). Let o = l + -38. Calculate v(o).
3
Let a(x) = 3*x + 3*x - 2*x**2 - 3*x**2 + 2*x + 8 - x**3. Let b(o) = 2*o - 2. Let k be b(-2). Determine a(k).
-4
Let o(k) = -k**2 + 6*k - 6. Let i be o(3). Suppose f + 2 = i*f. Let w(c) = 0 + f + c**2 - c - 3 + 3*c. Determine w(2).
6
Let i(l) be the first derivative of l**3/3 + 7*l**2 - 21*l + 79. What is i(-15)?
-6
Let i be (-1 + -1 + 2)/(-2). Let q(p) = -4 + 7*p - 4*p - 6*p + 2*p. Determine q(i).
-4
Let f(l) = -l**3 + 4*l**2 - 4*l + 4. Let z be f(3). Let m(p) be the second derivative of -1/2*p**2 + 4*p + 1/12*p**4 + 0 + 11/20*p**5 + 0*p**3. Give m(z).
11
Let x(z) = z**3 - 11*z**2 + z - 4. Let a(j) be the third derivative of -j**6/120 + j**5/6 - j**4/24 + j**3/2 - 2*j**2. Let f(b) = 5*a(b) + 4*x(b). What is f(6)?
-7
Suppose f + 2*h = 12, -4*f - 6 + 54 = -3*h. Let b(o) = 3*o - 2*o + 196 - 207. Calculate b(f).
1
Let o(d) be the second derivative of 0 + 2*d + 7/2*d**2 + 1/12*d**4 + 4/3*d**3. Calculate o(-5).
-8
Let u(y) = y**2 + y + 1. Let i(r) = r + 9. Let k be i(-10). What is u(k)?
1
Let w(o) = o**2 + o - 26. Let m be w(0). Let b = m + 24. Let y(f) = -f**2 - 3*f - 1. Determine y(b).
1
Let n(j) = -2*j**3 + 5*j**2 + j - 25. Let c(a) = -a**3 + 2*a**2 - 13. Let v(m) = -7*c(m) + 4*n(m). Let t be 8/10*45/6. Determine v(t).
15
Suppose 0 = -l + 5*v - 39, 6 = 3*l - 2*l + 4*v. Let o be 7/l - (-5)/2. Let s(x) = 2 + x - 2*x**3 - 2*x**3 + 2*x**2 + x**3. Calculate s(o).
-12
Let c(o) = o - 5. Let z(r) = 3. Let s(b) = -3*c(b) - 5*z(b).